f be (-2)/(-4) + 38/4. Suppose 0 = -2*g - 4*g + 30. What is the greatest common factor of f and g?
5
Let i(x) = -2*x + 3. Let j be i(-8). Suppose -5*f + j = -31. Calculate the highest common divisor of f and 90.
10
Let f be 212/8 + (-1)/(-2). Let t be (-2)/7 - 520/(-56). What is the highest common factor of t and f?
9
Let v(k) = k**3 + k**2 + 4*k. Let r be v(3). Let o = 21 + 11. What is the greatest common factor of r and o?
16
Suppose 3 + 5 = 4*y. Suppose -1 = -3*c + y. Calculate the greatest common divisor of 1 and c.
1
Let f(z) = z**3 + 11*z**2 + 7*z - 4. Let g be f(-10). What is the greatest common divisor of 65 and g?
13
Suppose -10*p + 210 + 110 = 0. What is the greatest common factor of 4 and p?
4
Let a(b) = -b. Let c be a(-13). Calculate the greatest common factor of c and 52.
13
Let h(r) = -r**2 - 7*r + 1. Let t be h(-6). Let w be (3 - 4)*(0 - 77). What is the greatest common factor of w and t?
7
Let z = 31 - 22. What is the greatest common divisor of z and 45?
9
Let k be (-21*12/54)/((-4)/18). What is the greatest common factor of k and 21?
21
Let c = 29 - 25. Suppose c*k = l - 3, -3*l - 3*k + 38 = 2*l. What is the greatest common divisor of 1 and l?
1
Let t be ((-1)/(-2))/(1/6). Calculate the highest common divisor of t and 6.
3
Suppose -62 + 22 = -5*w. Calculate the greatest common factor of w and 40.
8
Let k = -6 + 15. Let o be ((-9)/(-2))/3*54. What is the highest common divisor of k and o?
9
Suppose 8*n = 4*n + 12. What is the highest common factor of 1 and n?
1
Let w(j) = -j. Let g be w(-7). Let a = 4 - g. Let p(c) = 7*c**2 - 4*c - 3. Let y be p(a). What is the greatest common divisor of 8 and y?
8
Let v be (1 - -6)/((-12)/(-60)). Calculate the greatest common factor of 14 and v.
7
Let u(k) = -5*k - 6. Let z = -5 + 3. Let n be (-1)/z*-6 + -2. Let a be u(n). What is the highest common divisor of 95 and a?
19
Suppose 0 = -5*w - 5, -m - 4*w + 26 = 2*m. Calculate the highest common divisor of 90 and m.
10
Suppose -3*m - 440 = -13*m. Calculate the greatest common factor of m and 11.
11
Suppose 0*v + 42 = v. Let r be -1 - 1 - (-10 - -2). Calculate the highest common divisor of r and v.
6
Let p = 81 - 52. What is the highest common divisor of p and 145?
29
Let n(d) be the first derivative of d**3/3 - 5*d**2/2 - 8*d - 8. Let z be 158/22 - 6/33. Let a be n(z). Calculate the greatest common factor of 15 and a.
3
Let j be (1 - -4) + 2/(-1). Suppose 24 = 5*l - j*l. Let a be 3/l - (-23)/4. What is the highest common factor of a and 2?
2
Suppose l = -0*l + 8. Let s be (-12)/(-14)*(-4508)/(-69). What is the highest common factor of s and l?
8
Let d be (3/(-9))/(3/(-126)). Suppose -6*m + d = -5*m. Calculate the highest common factor of m and 112.
14
Suppose -3*b - 11 + 14 = 0. Calculate the highest common divisor of b and 11.
1
Suppose 11*t = 518 + 934. What is the highest common factor of 36 and t?
12
Let t be ((-16)/12)/((-6)/207) - -2. What is the highest common factor of 16 and t?
16
Let k(x) = -3*x - 4. Let l be k(-4). Suppose -l = -2*m + 4. Calculate the highest common divisor of m and 6.
6
Let w = 441 + -136. Suppose 4*g - 275 = y, -5*y + w = 2*g + 2*g. Calculate the highest common divisor of g and 10.
10
Let m = 6 - 4. Let n = -266 + 268. Calculate the greatest common factor of n and m.
2
Suppose 0 = 4*f - 1 + 29. Let v be f/(-14) + (-6)/(-4). Let r be (-8)/(-36) + (-32)/(-18). What is the highest common divisor of v and r?
2
Let w(p) = p - 2. Let s be w(3). Calculate the greatest common divisor of s and 5.
1
Suppose -3*q = -7*w + 2*w, -5*w = -q. Suppose -2*b + w*b - 42 = 0. Let o = 39 + b. Calculate the highest common divisor of 45 and o.
9
Let u be (-4 - 585/(-10)) + 1/2. Calculate the greatest common divisor of u and 385.
55
Let f(v) = v**2 + 6*v + 18. Let i be f(-9). What is the highest common divisor of 9 and i?
9
Suppose -4 - 51 = -5*l. Suppose -3*y = -4 - l, g = -3*y + 23. Calculate the greatest common divisor of g and 20.
4
Let i = 43 + 7. Let s = 19 + 1. Calculate the highest common divisor of i and s.
10
Let c = 575 + -341. Calculate the highest common divisor of 26 and c.
26
Let u = 6 - -2. What is the greatest common divisor of 72 and u?
8
Let r(p) = 11*p - 6. Let n be r(6). Let i be 6/33 + (-524)/(-22). What is the highest common divisor of n and i?
12
Let f = 28 + 2. What is the highest common factor of 15 and f?
15
Suppose -4*l = 16, -84 = -2*p - 0*p - 4*l. Calculate the highest common factor of 5 and p.
5
Let k be 0/(-1) - (568 + -2). Suppose -28 = -12*f + 11*f. Let b be (-21)/f - k/8. What is the highest common divisor of b and 14?
14
Let s(k) = -7*k + 0 + k**2 - 1 + 3. Suppose -4*w - 53 = -4*z + w, 5*z - 2*w = 45. Let c be s(z). What is the highest common factor of 8 and c?
2
Let f be (2/(-4))/(2/(-120)). Let y be (0 + (-8)/3)/((-10)/45). What is the highest common divisor of y and f?
6
Suppose 2*a = -4*q - 0 - 2, -5*q - 5*a - 10 = 0. Suppose 32 + q = m. What is the greatest common factor of m and 11?
11
Suppose r + 3 = 21. Calculate the highest common factor of 6 and r.
6
Let w be 10/3*(-4 - -37). Calculate the highest common divisor of 10 and w.
10
Let y be (-3 + 3 - -4) + -4 + 272. What is the highest common divisor of y and 17?
17
Suppose 101 = x - 46. What is the greatest common divisor of 21 and x?
21
Let k(i) be the second derivative of -i**5/20 + i**4/12 + i**3/6 - i. Let h be k(-1). What is the greatest common divisor of 1 and h?
1
Suppose -3*i + 42 = -3. What is the greatest common divisor of 30 and i?
15
Suppose -25 - 83 = -2*y. Suppose 6*c - 72 = 2*c. Calculate the greatest common factor of c and y.
18
Let x be (-390)/(-25)*(-1)/((-2)/5). Calculate the highest common divisor of 26 and x.
13
Let r = -20 + 28. Let t(x) be the third derivative of x**4/12 + 11*x**3/6 + 6*x**2. Let z be t(-5). What is the greatest common divisor of r and z?
1
Suppose 9 + 3 = 4*q. Let z be 0 + (-9)/q*-3. Let w be 400/18 + (-2)/z. Calculate the greatest common divisor of w and 55.
11
Suppose -39*s + 34 = -37*s. What is the highest common divisor of 17 and s?
17
Suppose m + 5*h - 50 = 0, -2*m - 4*h + 96 - 20 = 0. Let f(p) = p - 4. Let x be f(4). Suppose 5*k - 66 + 16 = x. Calculate the highest common divisor of m and k.
10
Let x = -849 + 1537. Suppose -4*h + 3*y = -x, 16 = y + 3*y. Calculate the greatest common factor of 25 and h.
25
Let t(j) = 4*j + 1. Let i be t(6). Let q be ((-15)/6)/(2/4). Let a be 2/q + (-156)/(-15). Calculate the highest common factor of i and a.
5
Let k = -662 + 929. Suppose k = 3*c - 213. Suppose 0*t - c = -4*t. What is the highest common factor of 20 and t?
20
Let g be 3/(-15) + 6/5. Let i be (0 + 0 - g)*-4. Suppose 4*y + 0*y + 116 = 3*s, -4*s = i*y - 136. Calculate the greatest common factor of 90 and s.
18
Let x = 38 + 22. Calculate the highest common divisor of 12 and x.
12
Let i(b) = -2*b - 16. Let c be i(-8). Suppose -h + 0*h + 44 = c. Calculate the greatest common factor of h and 11.
11
Let i be (-3 - 265/5)*-1. What is the greatest common divisor of 140 and i?
28
Let d(v) be the first derivative of v**4/4 + 10*v**3/3 + 11*v + 1. Let n be d(-10). What is the greatest common factor of 121 and n?
11
Let f(i) = 6*i. Let n be f(-1). Let g be (-4)/n + (-885)/(-9). Calculate the greatest common divisor of 11 and g.
11
Suppose 2*i + 2*j - 46 = 0, 2*j = -2*i - 2*j + 50. Calculate the greatest common factor of 105 and i.
21
Let z be 2 + 1*9 - 2. Let r(a) = 2*a**3 + a**2 - 5*a + 2. Let v be r(-4). Let b be v*2*1/(-5). What is the greatest common divisor of z and b?
9
Let w be 16/80 - 1548/(-10). What is the greatest common factor of 62 and w?
31
Let w(j) = -26*j**3 + j**2. Let u be w(-1). Calculate the greatest common factor of u and 18.
9
Let h(j) = j**2 + 9*j + 6. Let a be h(-12). Let v = -17 + a. Calculate the highest common divisor of 5 and v.
5
Let y = -19 - -32. Suppose -7 - y = -4*p. Calculate the greatest common factor of p and 55.
5
Suppose -5*q + 7 = -2*i, 4*q + 0*q + 5*i + 1 = 0. Suppose -5*n + 2 = -5*u - 3, 5*u = n + 11. Let t = 0 + n. Calculate the highest common factor of q and t.
1
Let y = 21 + -17. What is the greatest common divisor of 2 and y?
2
Suppose -c - 4*o + 19 = -9*o, -4*o = -5*c + 200. What is the highest common divisor of 308 and c?
44
Suppose -5 = -7*b + 2*b. Suppose 5*m + 4 =